4
Suppose 5*q = q + 40. Suppose 0 = -6*a + q*a - 1012. Suppose 4*m - o - 31 = 66, -4*m + 77 = 3*o. What is the greatest common factor of a and m?
23
Let z be (7 - 10)*(-2)/3. Let n(s) = 7*s**3 - s**2 + 3. Let q be n(z). What is the greatest common divisor of 11 and q?
11
Let i(y) = -y + 357. Let m be i(0). Suppose -2*l = 5*l - m. What is the highest common factor of 17 and l?
17
Let i = -43 + 51. Suppose 13*a = 11*a + i. Let n be 565/35 - 2/14. What is the greatest common divisor of n and a?
4
Suppose 0 = -6*h + h - 10, -5*l + h = -342. What is the highest common factor of l and 102?
34
Suppose -3*b - q + 8 = -11, 3*b - 25 = 2*q. Suppose 0 = 2*u - 298 + 186. What is the highest common factor of u and b?
7
Let r(q) = -12*q**2 + 70*q + 30. Let s be r(5). What is the highest common divisor of s and 70?
10
Suppose -4 = 2*m - 3*n - 13, 0 = 2*m - 2*n - 10. Suppose u + 5*u = -m. Let j = 15 + u. Calculate the highest common divisor of 70 and j.
14
Suppose -g + 2*f = -7, -3*g - 3*f + 0*f = -12. Let h = g + -8. Let k be (7 - h)/((-3)/(-12)). Calculate the greatest common divisor of 8 and k.
8
Let c(l) = 173*l**2 + 15*l - 16. Let m be c(1). Let r = 100 - 57. What is the highest common factor of r and m?
43
Let s(i) = 3*i. Let f be s(1). Suppose 0 = -5*g - k + 6*k - 5, -f*k + 11 = g. Calculate the greatest common divisor of g and 14.
2
Let g = -81 + 84. Suppose g*x + 48 = d, 5*d = 2*x + 16 + 198. What is the greatest common divisor of d and 21?
21
Suppose 4*l - 3*l - 12 = 0. Suppose -l = 4*c + 4, -5*c - 152 = -4*a. What is the highest common divisor of 22 and a?
11
Let h be 44*((-6)/(-4) + 2). Suppose 782 + h = 9*o. What is the greatest common divisor of o and 13?
13
Let v be (-4*2/3)/(2/(-90)). Calculate the highest common factor of v and 80.
40
Let h = 110 - 110. Suppose 2*k - 20 = 2*c, h*c - 38 = -3*k - c. Calculate the greatest common factor of 192 and k.
12
Suppose 1109 = 23*i - 731. What is the highest common divisor of 620 and i?
20
Suppose 0 = -23*r + 590 + 100. Calculate the greatest common factor of r and 24.
6
Suppose 4*d - 294 = -2*a, 0*a + 2*d - 576 = -4*a. Calculate the greatest common factor of 13 and a.
13
Let h be (5/(-2))/(2/12). Let c = h - -23. Calculate the greatest common divisor of 4 and c.
4
Let g(v) = -v**3 - 12*v**2 - 19*v + 4. Let n be g(-10). Suppose -h - h - 12 = 0. Let x be h*(3 - (-63)/n). Calculate the greatest common divisor of x and 5.
5
Suppose 4*b - 881 = 7. Let f be (-34)/85 - b/(-5). What is the greatest common factor of 110 and f?
22
Let c be (4 - 188/48) + (-6550)/(-24). What is the greatest common factor of c and 84?
21
Let m = 2134 - 2100. What is the highest common divisor of 2482 and m?
34
Let o(d) = -d**3 + d**2 - 2*d + 31. Let q be o(0). Calculate the highest common divisor of q and 62.
31
Let a(y) = y**3 + 5*y**2 - y - 4. Let w be a(-2). Calculate the greatest common factor of w and 25.
5
Suppose 0 = -n - 0*n + 2*x + 49, 5*n + 5*x - 170 = 0. Suppose -4*a = 2*l - 84, -3*l + 3*a - n + 138 = 0. What is the highest common factor of l and 396?
36
Suppose -17*h = -48 - 54. Suppose b + 72 = 4*b. Calculate the highest common divisor of h and b.
6
Let m be 476/7 + 1/1. Suppose m = 2*y + 19. Suppose -55 = -3*d + 2*f, 0*d - 2*d - f + y = 0. What is the highest common factor of 135 and d?
15
Suppose -4*p + 36 = 3*f, 0*p + p - 18 = -3*f. Let k = 89 - 35. Calculate the highest common divisor of p and k.
6
Let z be 1/((2 - 1)/665). Suppose -5*f = 3*o - 641, -5*o - z = -3*f - 2*f. Calculate the highest common divisor of f and 26.
26
Suppose -5*r = 10*r - 3600. What is the highest common divisor of 96 and r?
48
Suppose 2*t = t. Suppose -3*i + 4*y + 25 = t, -6*i = -3*i + 4*y - 65. Let w(m) = m + 45. Let f be w(-35). Calculate the greatest common divisor of f and i.
5
Suppose q = 31*c - 27*c - 9, -2*q + 3*c = -2. What is the highest common factor of 49 and q?
7
Let i be 2 - 4*-16 - 2. Let n = -8 + i. Calculate the highest common divisor of 16 and n.
8
Suppose 0 = 2*b + 5*b - 28. Suppose -2*q = 2*a - 36, -2*a = -4*q + a + 86. Calculate the greatest common divisor of b and q.
4
Let b(y) = 450*y - 572. Let j be b(12). What is the greatest common divisor of j and 68?
68
Let d = -26 - -45. What is the greatest common factor of 19 and d?
19
Let u(m) = 2*m**2 + 9*m + 6. Let z be u(-4). Let a = z - -3. Suppose 0 = -a*s + 7*s - 150. Calculate the greatest common factor of 30 and s.
15
Suppose 116 = k - 4. Let s(d) = -d**3 - 61*d**2 + d + 76. Let a be s(-61). Calculate the highest common divisor of k and a.
15
Let u(l) = l**2 + 8*l + 10. Let v be u(-7). Suppose -h - 429 = -v*g, h - 5*h = 0. Let d be (0/3)/(-2) + 13. What is the highest common divisor of d and g?
13
Suppose -x = -0 - 8. Let l be (13/(-52))/(2/(-8)). What is the greatest common divisor of l and x?
1
Let w be ((-10)/4)/((-12)/168). Let p(c) = c**2 + 20*c - 39. Let x be p(-22). What is the highest common divisor of w and x?
5
Let s(k) = -k**2 - 2*k - 33. Let o be s(-9). Let q = o + 258. What is the greatest common factor of q and 18?
18
Let t(a) = -a**3 - 5*a**2 + 4. Let b be t(-5). Suppose -b*i + 14*i = 560. What is the highest common factor of 42 and i?
14
Suppose 0 = 4*p - 2*a - 312, 5*p - 154 = -4*a + 223. Suppose 0 = c, -4*o + c = o - 35. Calculate the greatest common divisor of o and p.
7
Let r = 13 + -151. Let q = -118 - r. What is the greatest common factor of 20 and q?
20
Suppose 40 = -8*v + 3*v + 5*d, 5*v + d + 16 = 0. Let a be v - (-48 - 1) - 0. Let p = -11 + 20. Calculate the greatest common factor of a and p.
9
Let g = 376 + -363. Calculate the highest common divisor of g and 559.
13
Let t = -16 - -20. Let m(p) = -p + 1. Let z be m(0). Let u(k) = 12*k**2. Let w be u(z). Calculate the highest common factor of w and t.
4
Let o(g) = 9*g - 14. Let v be o(4). What is the highest common factor of v and 154?
22
Let l = 17 + -11. Let d be (0 - -12)/(6/(-4)). Let t be d/(3/36*-2). Calculate the greatest common factor of l and t.
6
Let y(o) = 19*o + 192. Let k be y(-6). What is the highest common divisor of 1482 and k?
78
Let w(v) = v**3 - 3*v**2 + 2*v + 1. Let f be w(2). Let g be (5 + -4)*f*14. What is the greatest common divisor of 154 and g?
14
Let f be (-20)/50 - ((-684)/(-5))/(-2). What is the greatest common divisor of f and 4?
4
Suppose -22*k + 748 = -11*k. Calculate the highest common divisor of k and 34.
34
Suppose 0 = -4*j - 4*r + 48, -5*j - 4*r = -74 + 17. Calculate the greatest common factor of j and 342.
9
Suppose -5*b + 7 = 3*z, -33*z = -35*z - 2. What is the greatest common divisor of 47 and b?
1
Suppose 2*d + 644 = 5*s, 0 = 3*s + 3*d - 314 - 85. Let l(x) = 2*x - 3. Let a be l(-6). Let u = a - -41. Calculate the highest common divisor of u and s.
26
Let t be 1/(-3*2/(-6))*4. Suppose -t = -2*b + 8. Calculate the greatest common divisor of 12 and b.
6
Let q(u) = u + 55. Let y be q(17). Calculate the highest common divisor of 384 and y.
24
Let t(f) = -f**2 - f + 1. Let x be t(0). Let o be (-36)/(-14)*(-2 - -9). Let r be (x/(-3))/((-1)/o). What is the highest common divisor of 4 and r?
2
Suppose -48*x = -35*x - 169. Calculate the highest common factor of x and 2.
1
Suppose 4 = 2*c - 3*c. Let z(n) = 0*n + n + 786*n**2 - 784*n**2. Let q be z(c). Calculate the highest common factor of q and 112.
28
Suppose -5 = q, -a - 4*a = -5*q - 30. Let z(w) = w**2 - 4*w - 18. Let p be z(7). What is the greatest common divisor of a and p?
1
Suppose 6*l = 3*l - 2*j + 4804, 2*l + 5*j = 3199. What is the greatest common divisor of 18 and l?
18
Suppose -t - 3*r = 3*t - 361, -3*t + 4*r = -252. Let f be 3/(2 - 146/76). Suppose 0 = 3*i - 28 - f. What is the highest common factor of t and i?
22
Let o = -908 - -940. What is the highest common factor of o and 216?
8
Let o(x) = x**3 + 7*x**2 + 2*x - 12. Suppose 0 = 3*r - 4*g + 26, -2*g = 3*r - 0*g + 14. Let t be o(r). Calculate the highest common divisor of 48 and t.
12
Let b be 0 + 3 + (5 - -3) + 0. Let c = -99 - -143. Calculate the highest common divisor of b and c.
11
Let c be (10/(-18))/((-146)/22338). Let j(x) = -x + 34. Let y be j(0). Calculate the highest common divisor of y and c.
17
Let i(f) = -5*f**3 - 3*f**2 - f - 1. Let r be i(-3). Let o = r + -94. Calculate the greatest common divisor of 40 and o.
8
Suppose 3 = -5*v - 12